at are the prime factors of 1375799546?
2, 11, 53, 149, 7919
What are the prime factors of 175969484?
2, 37, 1033, 1151
What are the prime factors of 1166456744?
2, 145807093
List the prime factors of 2122846650.
2, 3, 5, 47, 33457
What are the prime factors of 6868029?
3, 7, 359, 911
What are the prime factors of 2264011885?
5, 9199, 49223
What are the prime factors of 496827321?
3, 165609107
List the prime factors of 1099162617.
3, 7, 23, 1033, 2203
What are the prime factors of 10331190?
2, 3, 5, 191, 601
What are the prime factors of 105501400?
2, 5, 527507
List the prime factors of 182670144.
2, 3, 951407
What are the prime factors of 77843442?
2, 3, 17, 61, 12511
What are the prime factors of 1590436818?
2, 3, 88357601
List the prime factors of 1231863094.
2, 7, 11, 701, 11411
What are the prime factors of 18671125?
5, 11, 37, 367
List the prime factors of 1801505885.
5, 360301177
What are the prime factors of 766017835?
5, 11, 73, 101, 1889
List the prime factors of 58889404.
2, 7, 2103193
List the prime factors of 47466947.
11, 389, 11093
List the prime factors of 127679562.
2, 3, 139, 51031
What are the prime factors of 2543597613?
3, 17, 5541607
What are the prime factors of 3869809998?
2, 3, 3343, 192931
What are the prime factors of 50943710?
2, 5, 5094371
List the prime factors of 1635721351.
11, 17, 53, 165041
List the prime factors of 49667300.
2, 5, 79, 6287
What are the prime factors of 3957388929?
3, 13, 2351, 14387
What are the prime factors of 8285049?
3, 920561
List the prime factors of 540684467.
181, 2987207
List the prime factors of 137197843.
67, 2047729
List the prime factors of 561519425.
5, 22460777
What are the prime factors of 442408166?
2, 29, 43, 179, 991
List the prime factors of 27138795.
3, 5, 31, 58363
What are the prime factors of 28537951?
13, 17, 139, 929
List the prime factors of 90800621.
17, 314189
List the prime factors of 4176114909.
3, 1392038303
What are the prime factors of 19657364?
2, 23, 43, 4969
List the prime factors of 726228772.
2, 23, 47, 167953
What are the prime factors of 5835022826?
2, 28591, 102043
What are the prime factors of 110100821?
110100821
What are the prime factors of 101751020?
2, 5, 7, 409, 1777
List the prime factors of 64529342.
2, 1237, 26083
What are the prime factors of 147502560?
2, 3, 5, 487, 631
What are the prime factors of 20404934?
2, 11, 927497
List the prime factors of 40655753.
40655753
What are the prime factors of 22001728?
2, 7, 67, 733
List the prime factors of 2315964998.
2, 29, 137, 383, 761
List the prime factors of 387493030.
2, 5, 19, 2039437
What are the prime factors of 33381009?
3, 137, 27073
List the prime factors of 776566938.
2, 3, 7, 229, 263, 307
List the prime factors of 30018223.
821, 36563
List the prime factors of 1106295504.
2, 3, 1459, 15797
What are the prime factors of 53349693?
3, 1423, 12497
What are the prime factors of 334935264?
2, 3, 541, 6449
List the prime factors of 980063012.
2, 113, 467, 4643
List the prime factors of 32135902.
2, 31, 587, 883
List the prime factors of 210056891.
11, 229, 83389
What are the prime factors of 73637538?
2, 3, 13, 944071
List the prime factors of 1075583769.
3, 13, 109, 19463
List the prime factors of 666937307.
691, 965177
List the prime factors of 1037175778.
2, 29, 1171, 15271
List the prime factors of 3824526483.
3, 11351, 12479
What are the prime factors of 56447293?
7, 17, 474347
List the prime factors of 243579230.
2, 5, 17, 281, 5099
What are the prime factors of 287395216?
2, 19, 773, 1223
List the prime factors of 53784845.
5, 31, 353, 983
List the prime factors of 378331861.
53, 7138337
List the prime factors of 85506197.
7, 41, 297931
List the prime factors of 26564723.
541, 49103
List the prime factors of 5454688.
2, 17, 37, 271
List the prime factors of 2406172323.
3, 802057441
List the prime factors of 3810320559.
3, 1951, 217001
What are the prime factors of 105417746?
2, 7, 1667, 4517
List the prime factors of 239243064.
2, 3, 67, 148783
List the prime factors of 38871664.
2, 13, 186883
What are the prime factors of 848831719?
26029, 32611
List the prime factors of 241040647.
241040647
List the prime factors of 3317085514.
2, 1658542757
List the prime factors of 131030473.
7, 157, 119227
List the prime factors of 224946144.
2, 3, 781063
List the prime factors of 2874773367.
3, 6263, 51001
List the prime factors of 8018810729.
8018810729
What are the prime factors of 31867774?
2, 193, 82559
List the prime factors of 948826264.
2, 41, 2892763
What are the prime factors of 3163901683?
4889, 647147
What are the prime factors of 24342562?
2, 457, 26633
What are the prime factors of 3725145930?
2, 3, 5, 11, 431, 2381
What are the prime factors of 25141161?
3, 19, 441073
What are the prime factors of 10860393?
3, 23, 107, 1471
List the prime factors of 155355289.
5849, 26561
What are the prime factors of 1104145595?
5, 7, 67, 293, 1607
What are the prime factors of 544832452?
2, 136208113
List the prime factors of 49455398.
2, 821, 30119
List the prime factors of 15745867.
1553, 10139
What are the prime factors of 3333965?
5, 23, 53, 547
What are the prime factors of 400152593?
400152593
List the prime factors of 297693594.
2, 3, 11, 1503503
List the prime factors of 195896544.
2, 3, 97, 109, 193
List the prime factors of 1706457964.
2, 139, 3069169
What are the prime factors of 216127862?
2, 173, 613, 1019
List the prime factors of 219964177.
71, 383, 8089
What are the prime factors of 220849933?
23, 101, 95071
What are the prime factors of 34644855?
3, 5, 7, 329951
What are the prime factors of 227425031?
17, 13377943
What are the prime factors of 3333722946?
2, 3, 555620491
List the prime factors of 64939776.
2, 3, 11, 7687
List the prime factors of 386495796.
2, 3, 19, 1695157
What are the prime factors of 87862178?
2, 139, 316051
List the prime factors of 156627234.
2, 3, 701, 12413
What are the prime factors of 88092169?
11, 29, 276151
List the prime factors of 141185884.
2, 7, 17, 19, 67, 233
List the prime factors of 977848902.
2, 3, 239, 75767
What are the prime factors of 1399295813?
4057, 344909
What are the prime factors of 58031922?
2, 3, 13, 317, 2347
List the prime factors of 1719670102.
2, 18451, 46601
What are the prime factors of 13138343?
13138343
What are the prime factors of 8448923?
7, 172427
What are the prime factors of 6702637229?
6702637229
What are the prime factors of 30542513?
43, 271, 2621
List the prime factors of 196524911.
11, 17865901
List the prime factors of 312713987.
312713987
What are the prime factors of 6054959?
43, 140813
List the prime factors of 212854121.
23, 233, 39719
List the prime factors of 475768227.
3, 11, 19, 53, 103, 139
What are the prime factors of 173573641?
173573641
List the prime factors of 1535307985.
5, 307061597
What are the prime factors of 231157541?
231157541
List the prime factors of 20179364.
2, 1109, 4549
List the prime factors of 2506967529.
3, 11, 4007, 18959
What are the prime factors of 145521706?
2, 11, 6614623
What are the prime factors of 18269813?
18269813
List the prime factors of 1786985700.
2, 3, 5, 31, 192149
List the prime factors of 82158824.
2, 11, 17, 54919
List the prime factors of 8756501306.
2, 7, 113, 223, 24821
List the prime factors of 73782907.
11, 17, 571, 691
List the prime factors of 4984068488.
2, 7, 1153, 77191
What are the prime factors of 1853238139?
1853238139
What are the prime factors of 637935285?
3, 5, 13, 17, 113, 131
List the prime factors of 258759524.
2, 7211, 8971
What are the prime factors of 1503637650?
2, 3, 5, 23, 131, 1109
List the prime factors of 5596557719.
89, 2153, 29207
List the prime factors of 205947624.
2, 3, 37, 231923
What are the prime factors of 27406969?
47, 583127
List the prime factors of 315729937.
315729937
What are the prime factors of 2512388732?
2, 7, 73, 157, 7829
List the prime factors of 350298396.
2, 3, 7, 17, 81769
What are the prime factors of 207449864?
2, 25931233
What are the prime factors of 1337454723?
3, 11, 2083, 19457
List the prime factors of 123824093.
123824093
What are the prime factors of 46954116?
2, 3, 11, 118571
List the prime factors of 51633947.
17, 347, 8753
What are the prime factors of 69650603?
11, 6331873
List the prim